he prime factors of 7384?
2, 13, 71
List the prime factors of 5173.
7, 739
What are the prime factors of 163620?
2, 3, 5, 101
List the prime factors of 32605.
5, 6521
What are the prime factors of 1324?
2, 331
What are the prime factors of 2144?
2, 67
List the prime factors of 912.
2, 3, 19
What are the prime factors of 40566?
2, 3, 6761
List the prime factors of 3544.
2, 443
What are the prime factors of 10339?
7, 211
What are the prime factors of 48297?
3, 17, 947
List the prime factors of 367.
367
What are the prime factors of 1232?
2, 7, 11
What are the prime factors of 19531?
19531
List the prime factors of 4878.
2, 3, 271
List the prime factors of 1036.
2, 7, 37
List the prime factors of 138396.
2, 3, 19, 607
What are the prime factors of 15316?
2, 7, 547
List the prime factors of 11523.
3, 23, 167
What are the prime factors of 85776?
2, 3, 1787
List the prime factors of 1625.
5, 13
What are the prime factors of 20382?
2, 3, 43, 79
List the prime factors of 33988.
2, 29, 293
What are the prime factors of 66146?
2, 33073
List the prime factors of 31206.
2, 3, 7, 743
List the prime factors of 424.
2, 53
List the prime factors of 1386.
2, 3, 7, 11
List the prime factors of 8912.
2, 557
List the prime factors of 43554.
2, 3, 7, 17, 61
What are the prime factors of 2425?
5, 97
List the prime factors of 6864.
2, 3, 11, 13
List the prime factors of 26.
2, 13
List the prime factors of 33935.
5, 11, 617
List the prime factors of 1667.
1667
List the prime factors of 28944.
2, 3, 67
What are the prime factors of 2800?
2, 5, 7
List the prime factors of 32611.
32611
List the prime factors of 47089.
7, 31
List the prime factors of 37268.
2, 7, 11
List the prime factors of 61.
61
What are the prime factors of 24935?
5, 4987
What are the prime factors of 1384?
2, 173
What are the prime factors of 101824?
2, 37, 43
List the prime factors of 45949.
45949
List the prime factors of 2274.
2, 3, 379
What are the prime factors of 121?
11
List the prime factors of 754.
2, 13, 29
List the prime factors of 1155.
3, 5, 7, 11
List the prime factors of 6074.
2, 3037
What are the prime factors of 3297?
3, 7, 157
List the prime factors of 794.
2, 397
What are the prime factors of 265?
5, 53
What are the prime factors of 2438?
2, 23, 53
List the prime factors of 3644.
2, 911
List the prime factors of 130924.
2, 71, 461
What are the prime factors of 897?
3, 13, 23
List the prime factors of 45.
3, 5
List the prime factors of 3846.
2, 3, 641
What are the prime factors of 7384?
2, 13, 71
List the prime factors of 4491.
3, 499
List the prime factors of 21828.
2, 3, 17, 107
List the prime factors of 94477.
94477
List the prime factors of 8510.
2, 5, 23, 37
List the prime factors of 3217.
3217
List the prime factors of 155217.
3, 31, 1669
List the prime factors of 9343.
9343
What are the prime factors of 3143?
7, 449
What are the prime factors of 362?
2, 181
List the prime factors of 1128.
2, 3, 47
List the prime factors of 77310.
2, 3, 5, 859
What are the prime factors of 43162?
2, 7, 3083
What are the prime factors of 2932?
2, 733
List the prime factors of 26210.
2, 5, 2621
What are the prime factors of 65995?
5, 67, 197
List the prime factors of 11757.
3, 3919
What are the prime factors of 902?
2, 11, 41
List the prime factors of 409.
409
List the prime factors of 15477.
3, 7, 11, 67
List the prime factors of 66976.
2, 7, 13, 23
List the prime factors of 6261.
3, 2087
What are the prime factors of 33084?
2, 3, 919
List the prime factors of 2207.
2207
List the prime factors of 38519.
13, 2963
What are the prime factors of 1733?
1733
What are the prime factors of 3502?
2, 17, 103
List the prime factors of 2133.
3, 79
List the prime factors of 1029.
3, 7
List the prime factors of 3434.
2, 17, 101
List the prime factors of 4599.
3, 7, 73
List the prime factors of 10179.
3, 13, 29
What are the prime factors of 1044?
2, 3, 29
List the prime factors of 49289.
23, 2143
What are the prime factors of 167?
167
What are the prime factors of 11941?
11941
List the prime factors of 2947.
7, 421
List the prime factors of 12050.
2, 5, 241
List the prime factors of 26982.
2, 3, 1499
List the prime factors of 63650.
2, 5, 19, 67
List the prime factors of 928.
2, 29
What are the prime factors of 64453?
64453
List the prime factors of 194.
2, 97
List the prime factors of 4009.
19, 211
List the prime factors of 141801.
3, 11, 4297
What are the prime factors of 191?
191
List the prime factors of 37595.
5, 73, 103
What are the prime factors of 1783?
1783
What are the prime factors of 3896?
2, 487
What are the prime factors of 636?
2, 3, 53
What are the prime factors of 658?
2, 7, 47
List the prime factors of 82765.
5, 16553
What are the prime factors of 3208?
2, 401
List the prime factors of 1537.
29, 53
List the prime factors of 37616.
2, 2351
What are the prime factors of 12329?
12329
List the prime factors of 5212.
2, 1303
List the prime factors of 5378.
2, 2689
List the prime factors of 4199.
13, 17, 19
List the prime factors of 991.
991
List the prime factors of 655.
5, 131
List the prime factors of 12820.
2, 5, 641
What are the prime factors of 1115?
5, 223
What are the prime factors of 9289?
7, 1327
What are the prime factors of 74?
2, 37
List the prime factors of 6506.
2, 3253
List the prime factors of 7823.
7823
List the prime factors of 33235.
5, 17, 23
List the prime factors of 72512.
2, 11, 103
What are the prime factors of 52998?
2, 3, 11, 73
List the prime factors of 5882.
2, 17, 173
List the prime factors of 2021.
43, 47
List the prime factors of 1677.
3, 13, 43
What are the prime factors of 6231?
3, 31, 67
What are the prime factors of 1790?
2, 5, 179
List the prime factors of 3402.
2, 3, 7
What are the prime factors of 5759?
13, 443
List the prime factors of 10991.
29, 379
List the prime factors of 1553.
1553
List the prime factors of 19651.
43, 457
List the prime factors of 8924.
2, 23, 97
List the prime factors of 8764.
2, 7, 313
List the prime factors of 3953.
59, 67
What are the prime factors of 5045?
5, 1009
What are the prime factors of 3141?
3, 349
List the prime factors of 2838.
2, 3, 11, 43
List the prime factors of 1024.
2
List the prime factors of 1742.
2, 13, 67
List the prime factors of 56195.
5, 11239
List the prime factors of 69506.
2, 23, 1511
What are the prime factors of 9964?
2, 47, 53
List the prime factors of 13237.
7, 31, 61
List the prime factors of 3050.
2, 5, 61
What are the prime factors of 9713?
11, 883
What are the prime factors of 2946?
2, 3, 491
What are the prime factors of 1879?
1879
List the prime factors of 41033.
37, 1109
What are the prime factors of 10350?
2, 3, 5, 23
List the prime factors of 5771.
29, 199
List the prime factors of 1823.
1823
What are the prime factors of 4704?
2, 3, 7
List the prime factors of 39972.
2, 3, 3331
What are the prime factors of 99110?
2, 5, 11, 17, 53
List the prime factors of 642.
2, 3, 107
List the prime factors of 1352.
2, 13
What are the prime factors of 21724?
2, 5431
What are the prime factors of 207?
3, 23
List the prime factors of 13693.
13693
List the prime factors of 6010.
2, 5, 601
List the prime factors of 11879.
7, 1697
What are the prime factors of 41590?
2, 5, 4159
What are the prime factors of 8643?
3, 43, 67
List the prime factors of 15.
3, 5
What are the prime factors of 19004?
2, 4751
What are the prime factors of 1945?
5, 389
What are the prime factors of 914?
2, 457
What are the prime factors of 503?
503
List the prime factors of 1089.
3, 11
List the prime factors of 9575.
5, 383
List the prime factors of 4750.
2, 5, 19
What are the prime factors of 887?
887
What are the prime factors of 8484?
2, 3, 7, 101
What are the prime factors of 44560?
2, 5, 557
What are the prime factors of 1578?
2, 3, 263
List the prime factors of 1502.
2, 751
What are the prime factors of 4166?
2, 2083
What are the prime factors of 1363?
29, 47
What are the prime factors of 5607?
3, 7, 89
What are the prime factors of 1500?
2, 3, 5
What are the prime factors of 55358?
2, 89, 311
What are the prime factors of 2037?
3, 7, 97
List the prime factors of 10402.
2, 7, 743
What are the prime factors of 10494?
2, 3, 11, 53
List the prime factors of 1526.
2, 7, 109
List the prime factors of 23353.
11, 193
List the prime